4.
b55a55
-11221210100220 (base 3) to base 11
-1539584
Convert 1010111000111101 (base 2) to base 16.
ae3d
Convert 223113132 (base 5) to base 12.
3b80a6
What is 10478150 (base 9) in base 3?
100112122011200
Convert 387a1 (base 14) to base 15.
2b178
What is 2110012111 (base 3) in base 2?
1011110010000110
What is -1000000010000010100010 (base 2) in base 15?
-2b8cc1
Convert 3bc01b (base 16) to base 10.
3915803
What is -133431 (base 11) in base 12?
-a1291
Convert -1434261 (base 9) to base 7.
-6501346
1ab00 (base 13) to base 16
cca6
156312204 (base 7) to base 4
220212021210
Convert -153350440 (base 7) to base 12.
-3547681
What is -2b7fe8 (base 16) in base 5?
-1212211132
-14c4d1 (base 14) to base 3
-1100212001001
Convert 1093ab (base 13) to base 12.
16a82a
What is 964f (base 16) in base 14?
10047
Convert 1121121211011 (base 3) to base 9.
1547734
Convert 3009aa (base 11) to base 14.
c8734
What is 6f4ca (base 16) in base 7?
3606050
Convert -6ab8c (base 16) to base 10.
-437132
-1120021021122 (base 3) to base 10
-831995
What is -133083 (base 12) in base 8?
-1151643
What is 10211020011011 (base 3) in base 10?
2031835
-100201212211 (base 3) to base 7
-1425502
337555 (base 8) to base 11
79069
Convert -604465 (base 10) to base 16.
-93931
-1100101001111001 (base 2) to base 15
-10558
What is 442021 (base 5) in base 4?
3232131
51561310 (base 7) to base 2
10000100010001011011110
What is -61014 (base 13) in base 16?
-2a60c
Convert -10131130213 (base 4) to base 15.
-181661
What is 130231012321 (base 4) in base 9?
15138061
Convert -206729 (base 16) to base 9.
-3885872
What is -1005254 (base 6) in base 8?
-135342
What is -10102122232 (base 4) in base 13?
-3047c8
-21031230303 (base 4) to base 9
-4481280
What is 171cb60 (base 13) in base 11?
4250975
Convert 303405 (base 7) to base 16.
c9c3
161631 (base 8) to base 15
123e5
-5520654 (base 8) to base 4
-11222012230
What is -10111110110111100100010 (base 2) in base 13?
-13aca15
What is -a2148 (base 13) in base 15?
-5aedd
-23003324 (base 6) to base 8
-2530304
535b92 (base 12) to base 9
2426152
476ca (base 15) to base 2
110111100101010001
Convert 20d60 (base 14) to base 8.
233150
Convert 9362a (base 12) to base 13.
69937
-6582f (base 16) to base 5
-101301131
-c3e2b (base 15) to base 12
-25b328
-4286 (base 15) to base 11
-a637
-30021122323 (base 4) to base 12
-1096937
-156345 (base 7) to base 14
-b45c
Convert -204685 (base 9) to base 13.
-43451
1033046 (base 7) to base 9
211645
2868226 (base 12) to base 3
120020120201210
-115542 (base 6) to base 7
-42125
-5643056 (base 7) to base 15
-dc50b
Convert -123043432 (base 5) to base 8.
-2215406
Convert -55bc68 (base 14) to base 10.
-2913828
Convert -48117 (base 13) to base 2.
-100000001110101001
What is 2102441400 (base 5) in base 15?
5abdba
What is 105dbc (base 14) in base 3?
1001011022002
-2564645 (base 9) to base 5
-324312221
What is 1c353a (base 13) in base 15?
e3baa
What is -10121332213 (base 4) in base 7?
-12550204
41143012 (base 5) to base 7
2561101
109a97 (base 11) to base 6
3423054
What is -1110110010110101110100 (base 2) in base 9?
-7260867
Convert 16a531b (base 13) to base 16.
702d8d
Convert -904c8 (base 13) to base 5.
-31223024
What is 7938562 (base 10) in base 8?
36221002
What is -5020612 (base 7) in base 6?
-20414554
Convert 7200614 (base 8) to base 11.
1089228
-ca0403 (base 13) to base 10
-4741805
What is 121779 (base 15) in base 5?
210200224
What is -9b9108 (base 15) in base 6?
-423024242
-10222122211 (base 3) to base 11
-53a6a
Convert 100010000100110101 (base 2) to base 11.
95955
Convert 100100011101011010010110 (base 2) to base 12.
324b072
What is -1171821 (base 13) in base 2?
-10100100110110000000101
What is -127280 (base 14) in base 15?
-c7e63
What is -7e4c (base 15) in base 12?
-13653
Convert 1201210110012 (base 3) to base 10.
921056
What is -45822 (base 16) in base 5?
-33102311
Convert -4014 (base 9) to base 13.
-1444
102255 (base 13) to base 14
9b0bd
-201400140 (base 5) to base 9
-1463275
Convert -2022505 (base 8) to base 4.
-2002111011
-23035 (base 13) to base 9
-106411
What is -1363674 (base 9) in base 5?
-143010234
What is 25cb2c2 (base 13) in base 3?
211100102211121
-300102133 (base 4) to base 14
-5211d
What is 2246164 (base 12) in base 11?
3783003
What is -3d8e4 (base 16) in base 4?
-331203210
Convert 90069 (base 10) to base 16.
15fd5
-22396 (base 11) to base 15
-990c
-25387a0 (base 11) to base 5
-2111411110
What is -2221403103 (base 5) in base 12?
-176b732
Convert -43403022 (base 5) to base 2.
-1011010111000100110
-300b9 (base 13) to base 11
-59542
1001210212222 (base 3) to base 7
4551203
fa64f (base 16) to base 11
640618
What is 331408 (base 9) in base 10?
197891
Convert 1022011120 (base 4) to base 3.
120102020211
Convert 10016350 (base 7) to base 3.
1120002001111
Convert 590a88 (base 11) to base 2.
11100101000101011010
-21200110000 (base 3) to base 2
-100100111010111011
Convert 48c4b (base 14) to base 13.
63060
c1c7c9 (base 16) to base 10
12699593
Convert -101525351 (base 6) to base 16.
-1afe03
What is 110130332 (base 5) in base 13?
1378a5
Convert -5067b0 (base 16) to base 6.
-304535252
What is -7050417 (base 8) in base 16?
-1c510f
What is -154709 (base 10) in base 4?
-211301111
What is 1005334 (base 7) in base 12?
59214
8573766 (base 9) to base 14
878a70
28db62 (base 15) to base 3
10201002121002
-67cc4 (base 14) to base 2
-111101100101000100
Convert 2021012223 (base 4) to base 8.
2110653
Convert -58a060 (base 11) to base 15.
-1373de
-ab702 (base 16) to base 7
-5653155
31132330 (base 4) to base 15
1156d
What is -322201313 (base 4) in base 8?
-724167
What is -46163410 (base 7) in base 5?
-2013020021
What is -100210002222 (base 3) in base 12?
-93508
Convert -121400233 (base 6) to base 15.
-30b946
What is -98994 (base 11) in base 12?
-6b135
Convert -2500222 (base 6) to base 2.
-100000010010110110
Convert a5ca2 (base 13) to base 6.
10223043
Convert a4596c (base 13) to base 11.
2192970
What is 57096 (base 10) in base 15?
11db6
Convert 1200341322 (base 5) to base 2.
1010011110100001011110
What is 147578 (base 10) in base 3?
21111102212
-3680a4 (base 15) to base 5
-1131442104
What is 3e1d2 (base 16) in base 7?
2106513
-7071382 (base 9) to base 8
-16275424
What is 11010100110010100 (base 2) in base 3?
12112110010
Convert 86969 (base 10) to base 11.
5a383
-8fb0a (base 16) to base 13
-177b75
11413012111 (base 5) to base 13
2a15639
What is -10101001100011001100001 (base 2) in base 14?
-a489d7
What is -1bb326 (base 13) in base 11?
-44561a
Convert -555142 (base 6) to base 7.
-252401
What is 1934771 (base 10) in base 9?
3568005
1855902 (base 13) to base 15
a71446
-1033020123 (base 4) to base 12
-1376a3
Convert -11542543 (base 6) to base 14.
-99451
What is -10215530 (base 6) in base 15?
-5d4ac
What is -611181 (base 11) in base 2?
-11101111110111011000
-3aa930 (base 11) to base 3
-1012201101200
Convert -1cacc (base 16) to base 8.
-345314
Convert 24086 (base 15) to base 16.
1c0bc
Convert -79070 (base 10) to base 7.
-446345
What is 143b90 (base 15) in base 6?
32520030
What is 2800996 (base 11) in base 8?
22336724
What is -1232031 (base 5) in base 14?
-8a76
Convert -312110223 (base 5) to base 13.
-35cbc0
What is -4722178 (base 10) in base 6?
-245113534
Convert 22322310001 (base 4) to base 8.
12726401
-463a2 (base 11) to base 3
-10101221102
Convert -22200201200 (base 3) to base 4.
-221301231
What is 430188 (base 15) in base 16?
30abe0
Convert -97279 (base 10) to base 4.
-113233333
What is 15585 (base 12) in base 11?
20762
What is -233b63 (base 16) in base 4?
-20303231203
Convert 20220100222 (base 3) to base 15.
2a3c8
Convert 3444133310 (base 5) to base 14.
10715b4
Convert 16112430 (base 7) to base 12.
628890
Convert -4551231 (base 6) to base 8.
-705543
What is -b87b (base 16) in base 8?
-134173
6209c (base 15) to base 3
120210010110
Convert 21221220201 (base 3) to base 15.
3164d
Convert -222202 (base 5) to base 16.
-1e7a
What is 11101110110110101100111 (base 2) in base 3?
112201122100011
-62868 (base 9) to base 10
-41534
What is 16326233 (base 7) in base 15?
215295
Convert 12101110120 (base 3) to base 6.
2134540
What is -1110110011000010101 (base 2) in base 12?
-1b4731
334176 (base 8) to base 10
112766
-231345 (base 7) to base 9
-62633
-2311334 (base 5) to base 12
-1b